the remainder when 46693 is divided by 33.
31
What is the remainder when 1888654 is divided by 308?
306
Calculate the remainder when 40085 is divided by 47.
41
Calculate the remainder when 21103 is divided by 961.
922
Calculate the remainder when 94287 is divided by 47096.
95
Calculate the remainder when 31554 is divided by 10517.
3
What is the remainder when 23005 is divided by 469?
24
Calculate the remainder when 15612 is divided by 100.
12
What is the remainder when 1876687 is divided by 12?
7
Calculate the remainder when 12 is divided by 3.
0
What is the remainder when 5820 is divided by 1899?
123
What is the remainder when 18595 is divided by 1158?
67
Calculate the remainder when 9836 is divided by 516.
32
Calculate the remainder when 679 is divided by 385.
294
Calculate the remainder when 46407 is divided by 2427.
294
What is the remainder when 8314 is divided by 831?
4
What is the remainder when 16958 is divided by 698?
206
What is the remainder when 2445 is divided by 34?
31
What is the remainder when 14322 is divided by 2659?
1027
What is the remainder when 10299 is divided by 247?
172
What is the remainder when 272408 is divided by 141?
137
Calculate the remainder when 62345 is divided by 725.
720
Calculate the remainder when 2014 is divided by 286.
12
What is the remainder when 363548 is divided by 168?
164
What is the remainder when 10060 is divided by 566?
438
What is the remainder when 2645655 is divided by 13?
12
Calculate the remainder when 19272 is divided by 14.
8
What is the remainder when 57235 is divided by 561?
13
What is the remainder when 151947 is divided by 30?
27
What is the remainder when 50580 is divided by 119?
5
What is the remainder when 20146 is divided by 88?
82
What is the remainder when 4204 is divided by 111?
97
Calculate the remainder when 53158 is divided by 184.
166
Calculate the remainder when 306406 is divided by 353.
2
What is the remainder when 498106 is divided by 77?
70
Calculate the remainder when 354036 is divided by 177014.
8
What is the remainder when 14074 is divided by 53?
29
Calculate the remainder when 94871 is divided by 118.
117
Calculate the remainder when 4311 is divided by 1052.
103
Calculate the remainder when 9704 is divided by 67.
56
Calculate the remainder when 89355 is divided by 16.
11
What is the remainder when 59659 is divided by 22?
17
Calculate the remainder when 579382 is divided by 6737.
0
Calculate the remainder when 2960 is divided by 279.
170
What is the remainder when 6286 is divided by 624?
46
Calculate the remainder when 48022 is divided by 649.
645
Calculate the remainder when 5728 is divided by 714.
16
What is the remainder when 240 is divided by 136?
104
What is the remainder when 2531 is divided by 937?
657
What is the remainder when 122779 is divided by 111?
13
Calculate the remainder when 26765 is divided by 478.
475
What is the remainder when 66304 is divided by 1143?
10
Calculate the remainder when 4406 is divided by 4385.
21
Calculate the remainder when 17040 is divided by 3408.
0
What is the remainder when 25758 is divided by 1431?
0
Calculate the remainder when 247171 is divided by 813.
19
What is the remainder when 2942 is divided by 164?
154
Calculate the remainder when 62927 is divided by 1031.
36
What is the remainder when 246223 is divided by 335?
333
Calculate the remainder when 86139 is divided by 43068.
3
What is the remainder when 16058 is divided by 805?
763
Calculate the remainder when 16094 is divided by 5341.
71
Calculate the remainder when 94103 is divided by 211.
208
What is the remainder when 39444 is divided by 168?
132
What is the remainder when 17640 is divided by 34?
28
What is the remainder when 68 is divided by 22?
2
What is the remainder when 37414 is divided by 7?
6
Calculate the remainder when 1444 is divided by 57.
19
What is the remainder when 93792 is divided by 418?
160
Calculate the remainder when 3660 is divided by 81.
15
What is the remainder when 11396 is divided by 99?
11
Calculate the remainder when 282095 is divided by 26.
21
What is the remainder when 112800 is divided by 1484?
16
Calculate the remainder when 876 is divided by 410.
56
What is the remainder when 1243 is divided by 309?
7
Calculate the remainder when 24967 is divided by 27.
19
What is the remainder when 708510 is divided by 236169?
3
Calculate the remainder when 6414 is divided by 2138.
0
What is the remainder when 6986 is divided by 3289?
408
What is the remainder when 3149 is divided by 770?
69
Calculate the remainder when 19685 is divided by 2456.
37
What is the remainder when 27079 is divided by 7?
3
Calculate the remainder when 83677 is divided by 2460.
37
What is the remainder when 212775 is divided by 6?
3
What is the remainder when 4816 is divided by 4?
0
Calculate the remainder when 110692 is divided by 117.
10
What is the remainder when 89282 is divided by 14?
4
Calculate the remainder when 16505 is divided by 48.
41
Calculate the remainder when 219371 is divided by 867.
20
Calculate the remainder when 208618 is divided by 519.
499
Calculate the remainder when 1786 is divided by 766.
254
Calculate the remainder when 9703 is divided by 888.
823
What is the remainder when 27918 is divided by 919?
348
Calculate the remainder when 46208 is divided by 3840.
128
Calculate the remainder when 55500 is divided by 319.
313
What is the remainder when 143561 is divided by 76?
73
Calculate the remainder when 405430 is divided by 216.
214
Calculate the remainder when 248143 is divided by 13.
12
Calculate the remainder when 40627 is divided by 135.
127
Calculate the remainder when 1558 is divided by 265.
233
Calculate the remainder when 8454 is divided by 1672.
94
What is the remainder when 248 is divided by 120?
8
Calculate the remainder when 310865 is divided by 103616.
17
What is the remainder when 22654 is divided by 3218?
128
What is the remainder when 19438 is divided by 6463?
49
Calculate the remainder when 28421 is divided by 75.
71
What is the remainder when 4177 is divided by 4138?
39
What is the remainder when 48671 is divided by 39?
38
Calculate the remainder when 1914 is divided by 949.
16
What is the remainder when 466 is divided by 68?
58
What is the remainder when 855734 is divided by 477?
473
What is the remainder when 1098 is divided by 427?
244
Calculate the remainder when 108184 is divided by 35.
34
What is the remainder when 12948 is divided by 12838?
110
Calculate the remainder when 3431 is divided by 674.
61
Calculate the remainder when 2897773 is divided by 16.
13
What is the remainder when 81010 is divided by 20245?
30
What is the remainder when 141066 is divided by 17?
0
Calculate the remainder when 65068 is divided by 392.
388
Calculate the remainder when 13947 is divided by 189.
150
Calculate the remainder when 2049 is divided by 45.
24
What is the remainder when 735 is divided by 95?
70
Calculate the remainder when 402 is divided by 65.
12
Calculate the remainder when 180 is divided by 125.
55
Calculate the remainder when 9713 is divided by 4836.
41
What is the remainder when 20534105 is divided by 2828?
2825
Calculate the remainder when 11345 is divided by 31.
30
Calculate the remainder when 37567 is divided by 157.
44
Calculate the remainder when 1397263 is divided by 44.
43
Calculate the remainder when 44030 is divided by 170.
0
Calculate the remainder when 1326 is divided by 166.
164
Calculate the remainder when 2367 is divided by 1113.
141
Calculate the remainder when 7572 is divided by 136.
92
What is the remainder when 5239 is divided by 20?
19
What is the remainder when 3623 is divided by 764?
567
What is the remainder when 6551 is divided by 478?
337
What is the remainder when 1085231 is divided by 609?
602
Calculate the remainder when 6449 is divided by 920.
9
Calculate the remainder when 1709 is divided by 409.
73
What is the remainder when 25772 is divided by 12874?
24
What is the remainder when 12670 is divided by 59?
44
What is the remainder when 155655 is divided by 305?
105
Calculate the remainder when 8064 is divided by 23.
14
Calculate the remainder when 50053 is divided by 123.
115
Calculate the remainder when 1545 is divided by 14.
5
Calculate the remainder when 214443 is divided by 74.
65
What is the remain